[INFO] cloning repository https://github.com/taravancil/passkeeper
[INFO] running `Command { std: "git" "-c" "credential.helper=" "-c" "credential.helper=/workspace/cargo-home/bin/git-credential-null" "clone" "--bare" "https://github.com/taravancil/passkeeper" "/workspace/cache/git-repos/https%3A%2F%2Fgithub.com%2Ftaravancil%2Fpasskeeper", kill_on_drop: false }`
[INFO] [stderr] Cloning into bare repository '/workspace/cache/git-repos/https%3A%2F%2Fgithub.com%2Ftaravancil%2Fpasskeeper'...
[INFO] running `Command { std: "git" "rev-parse" "HEAD", kill_on_drop: false }`
[INFO] [stdout] e29e60d7a84ed7c474d2127b9ff83a84fb0606d0
[INFO] building taravancil/passkeeper against master#881c1ac408d93bb7adaa3a51dabab9266e82eee8 for issue-85264
[INFO] running `Command { std: "git" "clone" "/workspace/cache/git-repos/https%3A%2F%2Fgithub.com%2Ftaravancil%2Fpasskeeper" "/workspace/builds/worker-10/source", kill_on_drop: false }`
[INFO] [stderr] Cloning into '/workspace/builds/worker-10/source'...
[INFO] [stderr] done.
[INFO] validating manifest of git repo https://github.com/taravancil/passkeeper on toolchain 881c1ac408d93bb7adaa3a51dabab9266e82eee8
[INFO] running `Command { std: "/workspace/cargo-home/bin/cargo" "+881c1ac408d93bb7adaa3a51dabab9266e82eee8" "metadata" "--manifest-path" "Cargo.toml" "--no-deps", kill_on_drop: false }`
[INFO] started tweaking git repo https://github.com/taravancil/passkeeper
[INFO] finished tweaking git repo https://github.com/taravancil/passkeeper
[INFO] tweaked toml for git repo https://github.com/taravancil/passkeeper written to /workspace/builds/worker-10/source/Cargo.toml
[INFO] crate git repo https://github.com/taravancil/passkeeper already has a lockfile, it will not be regenerated
[INFO] running `Command { std: "/workspace/cargo-home/bin/cargo" "+881c1ac408d93bb7adaa3a51dabab9266e82eee8" "fetch" "--manifest-path" "Cargo.toml", kill_on_drop: false }`
[INFO] [stderr]  Downloading crates ...
[INFO] [stderr]   Downloaded serde_json v0.8.0
[INFO] [stderr]   Downloaded serde v0.8.0
[INFO] [stderr]   Downloaded serde_macros v0.8.0
[INFO] [stderr]   Downloaded serde_codegen v0.8.0
[INFO] [stderr]   Downloaded quasi_macros v0.16.0
[INFO] [stderr]   Downloaded serde_codegen_internals v0.5.0
[INFO] [stderr]   Downloaded gcc v0.3.32
[INFO] running `Command { std: "docker" "create" "-v" "/var/lib/crater-agent-workspace/builds/worker-10/target:/opt/rustwide/target:rw,Z" "-v" "/var/lib/crater-agent-workspace/builds/worker-10/source:/opt/rustwide/workdir:ro,Z" "-v" "/var/lib/crater-agent-workspace/cargo-home:/opt/rustwide/cargo-home:ro,Z" "-v" "/var/lib/crater-agent-workspace/rustup-home:/opt/rustwide/rustup-home:ro,Z" "-e" "SOURCE_DIR=/opt/rustwide/workdir" "-e" "CARGO_TARGET_DIR=/opt/rustwide/target" "-e" "CARGO_HOME=/opt/rustwide/cargo-home" "-e" "RUSTUP_HOME=/opt/rustwide/rustup-home" "-w" "/opt/rustwide/workdir" "-m" "1610612736" "--user" "0:0" "--network" "none" "ghcr.io/rust-lang/crates-build-env/linux@sha256:20528e8c29e4536546f0102ce88568b16ea7538393a33fcca951030f7af10457" "/opt/rustwide/cargo-home/bin/cargo" "+881c1ac408d93bb7adaa3a51dabab9266e82eee8" "metadata" "--no-deps" "--format-version=1", kill_on_drop: false }`
[INFO] [stderr] WARNING: Your kernel does not support swap limit capabilities or the cgroup is not mounted. Memory limited without swap.
[INFO] [stdout] 84fbf9a1553acd10e9c06489f8688d62b6145ad8f0276cfe356f98e2c0e92831
[INFO] running `Command { std: "docker" "start" "-a" "84fbf9a1553acd10e9c06489f8688d62b6145ad8f0276cfe356f98e2c0e92831", kill_on_drop: false }`
[INFO] running `Command { std: "docker" "inspect" "84fbf9a1553acd10e9c06489f8688d62b6145ad8f0276cfe356f98e2c0e92831", kill_on_drop: false }`
[INFO] running `Command { std: "docker" "rm" "-f" "84fbf9a1553acd10e9c06489f8688d62b6145ad8f0276cfe356f98e2c0e92831", kill_on_drop: false }`
[INFO] [stdout] 84fbf9a1553acd10e9c06489f8688d62b6145ad8f0276cfe356f98e2c0e92831
[INFO] running `Command { std: "docker" "create" "-v" "/var/lib/crater-agent-workspace/builds/worker-10/target:/opt/rustwide/target:rw,Z" "-v" "/var/lib/crater-agent-workspace/builds/worker-10/source:/opt/rustwide/workdir:ro,Z" "-v" "/var/lib/crater-agent-workspace/cargo-home:/opt/rustwide/cargo-home:ro,Z" "-v" "/var/lib/crater-agent-workspace/rustup-home:/opt/rustwide/rustup-home:ro,Z" "-e" "SOURCE_DIR=/opt/rustwide/workdir" "-e" "CARGO_TARGET_DIR=/opt/rustwide/target" "-e" "CARGO_INCREMENTAL=0" "-e" "RUST_BACKTRACE=full" "-e" "RUSTFLAGS=--cap-lints=forbid" "-e" "CARGO_HOME=/opt/rustwide/cargo-home" "-e" "RUSTUP_HOME=/opt/rustwide/rustup-home" "-w" "/opt/rustwide/workdir" "-m" "1610612736" "--user" "0:0" "--network" "none" "ghcr.io/rust-lang/crates-build-env/linux@sha256:20528e8c29e4536546f0102ce88568b16ea7538393a33fcca951030f7af10457" "/opt/rustwide/cargo-home/bin/cargo" "+881c1ac408d93bb7adaa3a51dabab9266e82eee8" "build" "--frozen" "--message-format=json", kill_on_drop: false }`
[INFO] [stderr] WARNING: Your kernel does not support swap limit capabilities or the cgroup is not mounted. Memory limited without swap.
[INFO] [stdout] 0540392bc430bdff62e839584aa2b90310ede1e32dc76f1ae40e9f961a756bf0
[INFO] running `Command { std: "docker" "start" "-a" "0540392bc430bdff62e839584aa2b90310ede1e32dc76f1ae40e9f961a756bf0", kill_on_drop: false }`
[INFO] [stderr]    Compiling aster v0.22.1
[INFO] [stderr]    Compiling serde_codegen v0.8.0
[INFO] [stderr]    Compiling quasi v0.16.0
[INFO] [stderr]    Compiling serde_codegen_internals v0.5.0
[INFO] [stderr]    Compiling num-traits v0.1.34
[INFO] [stderr]    Compiling serde v0.8.0
[INFO] [stderr]    Compiling rustc-serialize v0.3.19
[INFO] [stderr]    Compiling serde v0.7.15
[INFO] [stderr]    Compiling libsodium-sys v0.0.12
[INFO] [stderr]    Compiling rust-crypto v0.2.36
[INFO] [stderr]    Compiling time v0.1.35
[INFO] [stdout] error[E0463]: can't find crate for `syntax`
[INFO] [stdout]   --> /opt/rustwide/cargo-home/registry/src/github.com-1ecc6299db9ec823/quasi-0.16.0/src/lib.rs:23:1
[INFO] [stdout]    |
[INFO] [stdout] 23 | extern crate syntax;
[INFO] [stdout]    | ^^^^^^^^^^^^^^^^^^^^ can't find crate
[INFO] [stdout] 
[INFO] [stdout] 
[INFO] [stdout] error: aborting due to previous error
[INFO] [stdout] 
[INFO] [stdout] 
[INFO] [stdout] For more information about this error, try `rustc --explain E0463`.
[INFO] [stdout] 
[INFO] [stderr] error: could not compile `quasi`
[INFO] [stderr] 
[INFO] [stderr] To learn more, run the command again with --verbose.
[INFO] [stderr] warning: build failed, waiting for other jobs to finish...
[INFO] [stdout] error[E0463]: can't find crate for `syntax`
[INFO] [stdout]   --> /opt/rustwide/cargo-home/registry/src/github.com-1ecc6299db9ec823/serde_codegen_internals-0.5.0/src/lib.rs:13:1
[INFO] [stdout]    |
[INFO] [stdout] 13 | extern crate syntax;
[INFO] [stdout]    | ^^^^^^^^^^^^^^^^^^^^ can't find crate
[INFO] [stdout] 
[INFO] [stdout] 
[INFO] [stdout] error: aborting due to previous error
[INFO] [stdout] 
[INFO] [stdout] 
[INFO] [stdout] For more information about this error, try `rustc --explain E0463`.
[INFO] [stdout] 
[INFO] [stdout] error[E0463]: can't find crate for `syntax`
[INFO] [stdout]   --> /opt/rustwide/cargo-home/registry/src/github.com-1ecc6299db9ec823/aster-0.22.1/src/lib.rs:10:1
[INFO] [stdout]    |
[INFO] [stdout] 10 | extern crate syntax;
[INFO] [stdout]    | ^^^^^^^^^^^^^^^^^^^^ can't find crate
[INFO] [stdout] 
[INFO] [stdout] 
[INFO] [stdout] error: aborting due to previous error
[INFO] [stdout] 
[INFO] [stdout] 
[INFO] [stdout] For more information about this error, try `rustc --explain E0463`.
[INFO] [stdout] 
[INFO] [stdout] error[E0642]: patterns aren't allowed in functions without bodies
[INFO] [stdout]    --> /opt/rustwide/cargo-home/registry/src/github.com-1ecc6299db9ec823/rustc-serialize-0.3.19/src/serialize.rs:147:45
[INFO] [stdout]     |
[INFO] [stdout] 147 | ...                   &f_name: &str,
[INFO] [stdout]     |                       ^^^^^^^ pattern not allowed in function without body
[INFO] [stdout] 
[INFO] [stdout] 
[INFO] [stdout] error: aborting due to previous error
[INFO] [stdout] 
[INFO] [stdout] 
[INFO] [stdout] For more information about this error, try `rustc --explain E0642`.
[INFO] [stdout] 
[INFO] [stderr] error: build failed
[INFO] running `Command { std: "docker" "inspect" "0540392bc430bdff62e839584aa2b90310ede1e32dc76f1ae40e9f961a756bf0", kill_on_drop: false }`
[INFO] running `Command { std: "docker" "rm" "-f" "0540392bc430bdff62e839584aa2b90310ede1e32dc76f1ae40e9f961a756bf0", kill_on_drop: false }`
[INFO] [stdout] 0540392bc430bdff62e839584aa2b90310ede1e32dc76f1ae40e9f961a756bf0
